{"id":382,"date":"2021-03-18T22:40:24","date_gmt":"2021-03-18T21:40:24","guid":{"rendered":"http:\/\/51.83.132.88\/?page_id=382"},"modified":"2022-03-20T11:12:38","modified_gmt":"2022-03-20T10:12:38","slug":"ogloszenia","status":"publish","type":"page","link":"https:\/\/parafiadrohiczyn.pl\/index.php\/aktualnosci\/ogloszenia\/","title":{"rendered":"Og\u0142oszenia"},"content":{"rendered":"\n<div class=\"display-posts-listing grid\"><div class=\"listing-item\"><a class=\"image\" href=\"https:\/\/parafiadrohiczyn.pl\/index.php\/2026\/03\/29\/niedziela-palmowa-2026\/\"><img loading=\"lazy\" decoding=\"async\" width=\"300\" height=\"300\" src=\"https:\/\/parafiadrohiczyn.pl\/wp-content\/uploads\/2021\/03\/34755247_2212006538816992_8989540118746365952_o-300x300.jpg\" class=\"attachment-medium size-medium wp-post-image\" alt=\"\" srcset=\"https:\/\/parafiadrohiczyn.pl\/wp-content\/uploads\/2021\/03\/34755247_2212006538816992_8989540118746365952_o-300x300.jpg 300w, https:\/\/parafiadrohiczyn.pl\/wp-content\/uploads\/2021\/03\/34755247_2212006538816992_8989540118746365952_o-1024x1024.jpg 1024w, https:\/\/parafiadrohiczyn.pl\/wp-content\/uploads\/2021\/03\/34755247_2212006538816992_8989540118746365952_o-150x150.jpg 150w, https:\/\/parafiadrohiczyn.pl\/wp-content\/uploads\/2021\/03\/34755247_2212006538816992_8989540118746365952_o-768x768.jpg 768w, https:\/\/parafiadrohiczyn.pl\/wp-content\/uploads\/2021\/03\/34755247_2212006538816992_8989540118746365952_o-1536x1536.jpg 1536w, https:\/\/parafiadrohiczyn.pl\/wp-content\/uploads\/2021\/03\/34755247_2212006538816992_8989540118746365952_o-624x624.jpg 624w, https:\/\/parafiadrohiczyn.pl\/wp-content\/uploads\/2021\/03\/34755247_2212006538816992_8989540118746365952_o.jpg 1638w\" sizes=\"auto, (max-width: 300px) 100vw, 300px\" \/><\/a> <a class=\"title\" href=\"https:\/\/parafiadrohiczyn.pl\/index.php\/2026\/03\/29\/niedziela-palmowa-2026\/\">NIEDZIELA PALMOWA 2026<\/a> <span class=\"date\">29 marca, 2026<\/span> <span class=\"excerpt-dash\">-<\/span> <span class=\"excerpt\">Dzisiejsz\u0105 tac\u0119 przeznaczamy na kwiaty do Grobu Pa\u0144skiego i dekoracj\u0119 \u015bwi\u0105teczn\u0105. Po Mszach \u015bw. tradycyjnie Akcja Katolicka rozprowadza \u201ebaranki wielkanocne\u201d z ciasta. Doch\u00f3d&nbsp; przeznaczony jest na remont o\u0142tarza \u015bw. Antoniego w ko\u015bciele pofranciszka\u0144skim. Bardzo serdecznie dzi\u0119kujemy p. Antoniemu Stopczy\u0144skiemu i p. Albinowi&hellip; <span class=\"excerpt-more\"><\/span><\/span><\/div><div class=\"listing-item\"><a class=\"image\" href=\"https:\/\/parafiadrohiczyn.pl\/index.php\/2026\/03\/22\/5-niedziela-wielkiego-postu-6\/\"><img loading=\"lazy\" decoding=\"async\" width=\"300\" height=\"300\" src=\"https:\/\/parafiadrohiczyn.pl\/wp-content\/uploads\/2021\/03\/34755247_2212006538816992_8989540118746365952_o-300x300.jpg\" class=\"attachment-medium size-medium wp-post-image\" alt=\"\" srcset=\"https:\/\/parafiadrohiczyn.pl\/wp-content\/uploads\/2021\/03\/34755247_2212006538816992_8989540118746365952_o-300x300.jpg 300w, https:\/\/parafiadrohiczyn.pl\/wp-content\/uploads\/2021\/03\/34755247_2212006538816992_8989540118746365952_o-1024x1024.jpg 1024w, https:\/\/parafiadrohiczyn.pl\/wp-content\/uploads\/2021\/03\/34755247_2212006538816992_8989540118746365952_o-150x150.jpg 150w, https:\/\/parafiadrohiczyn.pl\/wp-content\/uploads\/2021\/03\/34755247_2212006538816992_8989540118746365952_o-768x768.jpg 768w, https:\/\/parafiadrohiczyn.pl\/wp-content\/uploads\/2021\/03\/34755247_2212006538816992_8989540118746365952_o-1536x1536.jpg 1536w, https:\/\/parafiadrohiczyn.pl\/wp-content\/uploads\/2021\/03\/34755247_2212006538816992_8989540118746365952_o-624x624.jpg 624w, https:\/\/parafiadrohiczyn.pl\/wp-content\/uploads\/2021\/03\/34755247_2212006538816992_8989540118746365952_o.jpg 1638w\" sizes=\"auto, (max-width: 300px) 100vw, 300px\" \/><\/a> <a class=\"title\" href=\"https:\/\/parafiadrohiczyn.pl\/index.php\/2026\/03\/22\/5-niedziela-wielkiego-postu-6\/\">5 Niedziela Wielkiego Postu<\/a> <span class=\"date\">22 marca, 2026<\/span> <span class=\"excerpt-dash\">-<\/span> <span class=\"excerpt\">Rozpoczynamy nasze rekolekcje wielkopostne, kt\u00f3re poprowadzi ks. Zdzis\u0142aw Jancewicz,\u00a0 proboszcz parafii \u015aledzian\u00f3w. Porz\u0105dek rekolekcji w poniedzia\u0142ek i wtorek: o godz. 8.30 Msza \u015bw. z nauk\u0105 dla dzieci ze Szko\u0142y Podstawowej, o\u00a0 godz. 12.00 i 18.00 Msza \u015bw. z nauk\u0105 og\u00f3ln\u0105. W poniedzia\u0142ek&hellip; <span class=\"excerpt-more\"><\/span><\/span><\/div><div class=\"listing-item\"><a class=\"image\" href=\"https:\/\/parafiadrohiczyn.pl\/index.php\/2026\/03\/15\/4-niedziela-wielkiego-postu-5\/\"><img loading=\"lazy\" decoding=\"async\" width=\"300\" height=\"300\" src=\"https:\/\/parafiadrohiczyn.pl\/wp-content\/uploads\/2021\/03\/34755247_2212006538816992_8989540118746365952_o-300x300.jpg\" class=\"attachment-medium size-medium wp-post-image\" alt=\"\" srcset=\"https:\/\/parafiadrohiczyn.pl\/wp-content\/uploads\/2021\/03\/34755247_2212006538816992_8989540118746365952_o-300x300.jpg 300w, https:\/\/parafiadrohiczyn.pl\/wp-content\/uploads\/2021\/03\/34755247_2212006538816992_8989540118746365952_o-1024x1024.jpg 1024w, https:\/\/parafiadrohiczyn.pl\/wp-content\/uploads\/2021\/03\/34755247_2212006538816992_8989540118746365952_o-150x150.jpg 150w, https:\/\/parafiadrohiczyn.pl\/wp-content\/uploads\/2021\/03\/34755247_2212006538816992_8989540118746365952_o-768x768.jpg 768w, https:\/\/parafiadrohiczyn.pl\/wp-content\/uploads\/2021\/03\/34755247_2212006538816992_8989540118746365952_o-1536x1536.jpg 1536w, https:\/\/parafiadrohiczyn.pl\/wp-content\/uploads\/2021\/03\/34755247_2212006538816992_8989540118746365952_o-624x624.jpg 624w, https:\/\/parafiadrohiczyn.pl\/wp-content\/uploads\/2021\/03\/34755247_2212006538816992_8989540118746365952_o.jpg 1638w\" sizes=\"auto, (max-width: 300px) 100vw, 300px\" \/><\/a> <a class=\"title\" href=\"https:\/\/parafiadrohiczyn.pl\/index.php\/2026\/03\/15\/4-niedziela-wielkiego-postu-5\/\">4 Niedziela Wielkiego Postu<\/a> <span class=\"date\">15 marca, 2026<\/span> <span class=\"excerpt-dash\">-<\/span> <span class=\"excerpt\">Miejsko Gminny O\u015brodek Kultury w Drohiczynie i nasza parafia organizuj\u0105 Przegl\u0105d Pie\u015bni Wielkopostnych i Pasyjnych, kt\u00f3ry odb\u0119dzie si\u0119 w przysz\u0142\u0105 niedziel\u0119 22 marca o godz. 13.00 w naszej katedrze. Zapraszamy Spotkanie Akcji Katolickiej we wtorek 17 marca po Mszy \u015bw. wieczornej. Za&hellip; <span class=\"excerpt-more\"><\/span><\/span><\/div><div class=\"listing-item\"><a class=\"image\" href=\"https:\/\/parafiadrohiczyn.pl\/index.php\/2026\/02\/15\/6-niedziela-zwykla-4\/\"><img loading=\"lazy\" decoding=\"async\" width=\"300\" height=\"300\" src=\"https:\/\/parafiadrohiczyn.pl\/wp-content\/uploads\/2021\/03\/34755247_2212006538816992_8989540118746365952_o-300x300.jpg\" class=\"attachment-medium size-medium wp-post-image\" alt=\"\" srcset=\"https:\/\/parafiadrohiczyn.pl\/wp-content\/uploads\/2021\/03\/34755247_2212006538816992_8989540118746365952_o-300x300.jpg 300w, https:\/\/parafiadrohiczyn.pl\/wp-content\/uploads\/2021\/03\/34755247_2212006538816992_8989540118746365952_o-1024x1024.jpg 1024w, https:\/\/parafiadrohiczyn.pl\/wp-content\/uploads\/2021\/03\/34755247_2212006538816992_8989540118746365952_o-150x150.jpg 150w, https:\/\/parafiadrohiczyn.pl\/wp-content\/uploads\/2021\/03\/34755247_2212006538816992_8989540118746365952_o-768x768.jpg 768w, https:\/\/parafiadrohiczyn.pl\/wp-content\/uploads\/2021\/03\/34755247_2212006538816992_8989540118746365952_o-1536x1536.jpg 1536w, https:\/\/parafiadrohiczyn.pl\/wp-content\/uploads\/2021\/03\/34755247_2212006538816992_8989540118746365952_o-624x624.jpg 624w, https:\/\/parafiadrohiczyn.pl\/wp-content\/uploads\/2021\/03\/34755247_2212006538816992_8989540118746365952_o.jpg 1638w\" sizes=\"auto, (max-width: 300px) 100vw, 300px\" \/><\/a> <a class=\"title\" href=\"https:\/\/parafiadrohiczyn.pl\/index.php\/2026\/02\/15\/6-niedziela-zwykla-4\/\">6 Niedziela Zwyk\u0142a<\/a> <span class=\"date\">15 lutego, 2026<\/span> <span class=\"excerpt-dash\">-<\/span> <span class=\"excerpt\">Dzisiaj go\u015bcimy w naszej parafii przedstawicieli Zespo\u0142u Ludowego Tarnopolska Ruta\u00a0 z Tarnopola na Ukrainie. Zesp\u00f3\u0142 chce wspom\u00f3c sierociniec w Tarnopolu.\u00a0W sieroci\u0144cu jest 150 dzieci w wieku od jednego miesi\u0105ca do 18 lat. Mo\u017cemy przekaza\u0107: ofiary do puszek, s\u0142odycze, przybory szkolne i chemia.&hellip; <span class=\"excerpt-more\"><\/span><\/span><\/div><div class=\"listing-item\"><a class=\"image\" href=\"https:\/\/parafiadrohiczyn.pl\/index.php\/2026\/02\/01\/4-niedziela-zwykla-5\/\"><img loading=\"lazy\" decoding=\"async\" width=\"300\" height=\"300\" src=\"https:\/\/parafiadrohiczyn.pl\/wp-content\/uploads\/2021\/03\/34755247_2212006538816992_8989540118746365952_o-300x300.jpg\" class=\"attachment-medium size-medium wp-post-image\" alt=\"\" srcset=\"https:\/\/parafiadrohiczyn.pl\/wp-content\/uploads\/2021\/03\/34755247_2212006538816992_8989540118746365952_o-300x300.jpg 300w, https:\/\/parafiadrohiczyn.pl\/wp-content\/uploads\/2021\/03\/34755247_2212006538816992_8989540118746365952_o-1024x1024.jpg 1024w, https:\/\/parafiadrohiczyn.pl\/wp-content\/uploads\/2021\/03\/34755247_2212006538816992_8989540118746365952_o-150x150.jpg 150w, https:\/\/parafiadrohiczyn.pl\/wp-content\/uploads\/2021\/03\/34755247_2212006538816992_8989540118746365952_o-768x768.jpg 768w, https:\/\/parafiadrohiczyn.pl\/wp-content\/uploads\/2021\/03\/34755247_2212006538816992_8989540118746365952_o-1536x1536.jpg 1536w, https:\/\/parafiadrohiczyn.pl\/wp-content\/uploads\/2021\/03\/34755247_2212006538816992_8989540118746365952_o-624x624.jpg 624w, https:\/\/parafiadrohiczyn.pl\/wp-content\/uploads\/2021\/03\/34755247_2212006538816992_8989540118746365952_o.jpg 1638w\" sizes=\"auto, (max-width: 300px) 100vw, 300px\" \/><\/a> <a class=\"title\" href=\"https:\/\/parafiadrohiczyn.pl\/index.php\/2026\/02\/01\/4-niedziela-zwykla-5\/\">4 Niedziela Zwyk\u0142a<\/a> <span class=\"date\">01 lutego, 2026<\/span> <span class=\"excerpt-dash\">-<\/span> <span class=\"excerpt\">W poniedzia\u0142ek 2 lutego\u00a0 \u015bwi\u0119to Ofiarowania Pa\u0144skiego, zwane MB Gromniczn\u0105. Msze \u015bw.:\u00a0 o godz. 7.00 w k. pofranciszka\u0144skim,\u00a0 o godz. 10.00 i 18.00\u00a0 w katedrze. W kaplicach: w Chutkowicach o 14.00, w Minczewie i Bujakach o 15.00. Na wszystkich Mszach \u015bw. po\u015bwi\u0119cenie&hellip; <span class=\"excerpt-more\"><\/span><\/span><\/div><div class=\"listing-item\"><a class=\"image\" href=\"https:\/\/parafiadrohiczyn.pl\/index.php\/2026\/01\/18\/2-niedziela-zwykla-5\/\"><img loading=\"lazy\" decoding=\"async\" width=\"300\" height=\"300\" src=\"https:\/\/parafiadrohiczyn.pl\/wp-content\/uploads\/2021\/03\/34755247_2212006538816992_8989540118746365952_o-300x300.jpg\" class=\"attachment-medium size-medium wp-post-image\" alt=\"\" srcset=\"https:\/\/parafiadrohiczyn.pl\/wp-content\/uploads\/2021\/03\/34755247_2212006538816992_8989540118746365952_o-300x300.jpg 300w, https:\/\/parafiadrohiczyn.pl\/wp-content\/uploads\/2021\/03\/34755247_2212006538816992_8989540118746365952_o-1024x1024.jpg 1024w, https:\/\/parafiadrohiczyn.pl\/wp-content\/uploads\/2021\/03\/34755247_2212006538816992_8989540118746365952_o-150x150.jpg 150w, https:\/\/parafiadrohiczyn.pl\/wp-content\/uploads\/2021\/03\/34755247_2212006538816992_8989540118746365952_o-768x768.jpg 768w, https:\/\/parafiadrohiczyn.pl\/wp-content\/uploads\/2021\/03\/34755247_2212006538816992_8989540118746365952_o-1536x1536.jpg 1536w, https:\/\/parafiadrohiczyn.pl\/wp-content\/uploads\/2021\/03\/34755247_2212006538816992_8989540118746365952_o-624x624.jpg 624w, https:\/\/parafiadrohiczyn.pl\/wp-content\/uploads\/2021\/03\/34755247_2212006538816992_8989540118746365952_o.jpg 1638w\" sizes=\"auto, (max-width: 300px) 100vw, 300px\" \/><\/a> <a class=\"title\" href=\"https:\/\/parafiadrohiczyn.pl\/index.php\/2026\/01\/18\/2-niedziela-zwykla-5\/\">2 Niedziela Zwyk\u0142a<\/a> <span class=\"date\">18 stycznia, 2026<\/span> <span class=\"excerpt-dash\">-<\/span> <span class=\"excerpt\">B\u00f3g zap\u0142a\u0107 za dzisiejsze ofiary na tac\u0119, kt\u00f3re s\u0105 przeznaczone na ogrzewanie ko\u015bcio\u0142a. Zako\u0144czyli\u015bmy odwiedziny rodzin zwane Kol\u0119d\u0105. Bardzo serdecznie dzi\u0119kujemy za obecno\u015b\u0107, wsp\u00f3ln\u0105 modlitw\u0119 i za \u017cyczliwo\u015b\u0107. Je\u015bli kto\u015b jeszcze chce po\u015bwi\u0119ci\u0107 dom, to prosimy indywidualnie zg\u0142osi\u0107 si\u0119 do zakrystii lub&hellip; <span class=\"excerpt-more\"><\/span><\/span><\/div><div class=\"listing-item\"><a class=\"image\" href=\"https:\/\/parafiadrohiczyn.pl\/index.php\/2026\/01\/11\/niedziela-chrztu-panskiego-4\/\"><img loading=\"lazy\" decoding=\"async\" width=\"300\" height=\"300\" src=\"https:\/\/parafiadrohiczyn.pl\/wp-content\/uploads\/2021\/03\/34755247_2212006538816992_8989540118746365952_o-300x300.jpg\" class=\"attachment-medium size-medium wp-post-image\" alt=\"\" srcset=\"https:\/\/parafiadrohiczyn.pl\/wp-content\/uploads\/2021\/03\/34755247_2212006538816992_8989540118746365952_o-300x300.jpg 300w, https:\/\/parafiadrohiczyn.pl\/wp-content\/uploads\/2021\/03\/34755247_2212006538816992_8989540118746365952_o-1024x1024.jpg 1024w, https:\/\/parafiadrohiczyn.pl\/wp-content\/uploads\/2021\/03\/34755247_2212006538816992_8989540118746365952_o-150x150.jpg 150w, https:\/\/parafiadrohiczyn.pl\/wp-content\/uploads\/2021\/03\/34755247_2212006538816992_8989540118746365952_o-768x768.jpg 768w, https:\/\/parafiadrohiczyn.pl\/wp-content\/uploads\/2021\/03\/34755247_2212006538816992_8989540118746365952_o-1536x1536.jpg 1536w, https:\/\/parafiadrohiczyn.pl\/wp-content\/uploads\/2021\/03\/34755247_2212006538816992_8989540118746365952_o-624x624.jpg 624w, https:\/\/parafiadrohiczyn.pl\/wp-content\/uploads\/2021\/03\/34755247_2212006538816992_8989540118746365952_o.jpg 1638w\" sizes=\"auto, (max-width: 300px) 100vw, 300px\" \/><\/a> <a class=\"title\" href=\"https:\/\/parafiadrohiczyn.pl\/index.php\/2026\/01\/11\/niedziela-chrztu-panskiego-4\/\">Niedziela Chrztu Pa\u0144skiego<\/a> <span class=\"date\">11 stycznia, 2026<\/span> <span class=\"excerpt-dash\">-<\/span> <span class=\"excerpt\">Dzisiaj obchodzimy \u015bwi\u0119to Chrztu Pa\u0144skiego. Pom\u00f3dlmy si\u0119 za kap\u0142ana, kt\u00f3ry udzieli\u0142 nam sakramentu chrztu \u015bw. , za naszych rodzic\u00f3w i rodzic\u00f3w chrzestnych. W pi\u0105tek 16 stycznia b\u0119dziemy si\u0119 modlili za wstawiennictwem \u015bw. Andrzeja Boboli. Po Mszy \u015bw. o godz. 18.00 b\u0119dzie wystawienie&hellip; <span class=\"excerpt-more\"><\/span><\/span><\/div><div class=\"listing-item\"><a class=\"image\" href=\"https:\/\/parafiadrohiczyn.pl\/index.php\/2026\/01\/04\/2-niedziela-po-narodzeniu-panskim-5\/\"><img loading=\"lazy\" decoding=\"async\" width=\"300\" height=\"300\" src=\"https:\/\/parafiadrohiczyn.pl\/wp-content\/uploads\/2021\/03\/34755247_2212006538816992_8989540118746365952_o-300x300.jpg\" class=\"attachment-medium size-medium wp-post-image\" alt=\"\" srcset=\"https:\/\/parafiadrohiczyn.pl\/wp-content\/uploads\/2021\/03\/34755247_2212006538816992_8989540118746365952_o-300x300.jpg 300w, https:\/\/parafiadrohiczyn.pl\/wp-content\/uploads\/2021\/03\/34755247_2212006538816992_8989540118746365952_o-1024x1024.jpg 1024w, https:\/\/parafiadrohiczyn.pl\/wp-content\/uploads\/2021\/03\/34755247_2212006538816992_8989540118746365952_o-150x150.jpg 150w, https:\/\/parafiadrohiczyn.pl\/wp-content\/uploads\/2021\/03\/34755247_2212006538816992_8989540118746365952_o-768x768.jpg 768w, https:\/\/parafiadrohiczyn.pl\/wp-content\/uploads\/2021\/03\/34755247_2212006538816992_8989540118746365952_o-1536x1536.jpg 1536w, https:\/\/parafiadrohiczyn.pl\/wp-content\/uploads\/2021\/03\/34755247_2212006538816992_8989540118746365952_o-624x624.jpg 624w, https:\/\/parafiadrohiczyn.pl\/wp-content\/uploads\/2021\/03\/34755247_2212006538816992_8989540118746365952_o.jpg 1638w\" sizes=\"auto, (max-width: 300px) 100vw, 300px\" \/><\/a> <a class=\"title\" href=\"https:\/\/parafiadrohiczyn.pl\/index.php\/2026\/01\/04\/2-niedziela-po-narodzeniu-panskim-5\/\">2 Niedziela po Narodzeniu Pa\u0144skim<\/a> <span class=\"date\">04 stycznia, 2026<\/span> <span class=\"excerpt-dash\">-<\/span> <span class=\"excerpt\">We wtorek 6.01. uroczysto\u015b\u0107 Objawienia Pa\u0144skiego, taca przeznaczona na misje. Porz\u0105dek Mszy \u015bw. tak jak w ka\u017cd\u0105 niedziel\u0119. W tym dniu \u015bwi\u0119cimy kadzid\u0142o i kred\u0119 do oznaczenia naszych dom\u00f3w. W\u00a0 zestawie z kred\u0105 i kadzid\u0142em umieszczony b\u0119dzie r\u00f3wnie\u017c w\u0119gielek, na kt\u00f3ry wysypujemy&hellip; <span class=\"excerpt-more\"><\/span><\/span><\/div><div class=\"listing-item\"><a class=\"image\" href=\"https:\/\/parafiadrohiczyn.pl\/index.php\/2025\/12\/28\/niedziela\/\"><img loading=\"lazy\" decoding=\"async\" width=\"300\" height=\"300\" src=\"https:\/\/parafiadrohiczyn.pl\/wp-content\/uploads\/2021\/03\/34755247_2212006538816992_8989540118746365952_o-300x300.jpg\" class=\"attachment-medium size-medium wp-post-image\" alt=\"\" srcset=\"https:\/\/parafiadrohiczyn.pl\/wp-content\/uploads\/2021\/03\/34755247_2212006538816992_8989540118746365952_o-300x300.jpg 300w, https:\/\/parafiadrohiczyn.pl\/wp-content\/uploads\/2021\/03\/34755247_2212006538816992_8989540118746365952_o-1024x1024.jpg 1024w, https:\/\/parafiadrohiczyn.pl\/wp-content\/uploads\/2021\/03\/34755247_2212006538816992_8989540118746365952_o-150x150.jpg 150w, https:\/\/parafiadrohiczyn.pl\/wp-content\/uploads\/2021\/03\/34755247_2212006538816992_8989540118746365952_o-768x768.jpg 768w, https:\/\/parafiadrohiczyn.pl\/wp-content\/uploads\/2021\/03\/34755247_2212006538816992_8989540118746365952_o-1536x1536.jpg 1536w, https:\/\/parafiadrohiczyn.pl\/wp-content\/uploads\/2021\/03\/34755247_2212006538816992_8989540118746365952_o-624x624.jpg 624w, https:\/\/parafiadrohiczyn.pl\/wp-content\/uploads\/2021\/03\/34755247_2212006538816992_8989540118746365952_o.jpg 1638w\" sizes=\"auto, (max-width: 300px) 100vw, 300px\" \/><\/a> <a class=\"title\" href=\"https:\/\/parafiadrohiczyn.pl\/index.php\/2025\/12\/28\/niedziela\/\">Niedziela<\/a> <span class=\"date\">28 grudnia, 2025<\/span> <span class=\"excerpt-dash\">-<\/span> <span class=\"excerpt\">Dzisiaj obchodzimy \u015bwi\u0119to\u00a0\u015awi\u0119tej Rodziny: Jezusa, Maryi i J\u00f3zefa.\u00a0Ta niedziela ko\u0144czy Rok Jubileuszowy Od poniedzia\u0142ku 29 grudnia rozpoczniemy odwiedziny duszpasterskie Rodzin, zwane Kol\u0119d\u0105. Wizyta duszpasterska b\u0119dzie zaczyna\u0142a si\u0119 od godz. 900, a po po\u0142udniu o 1500. Uprzejmie prosimy o dowiezienie ksi\u0119\u017cy.\u00a0 Osoby, kt\u00f3re&hellip; <span class=\"excerpt-more\"><\/span><\/span><\/div><div class=\"listing-item\"><a class=\"image\" href=\"https:\/\/parafiadrohiczyn.pl\/index.php\/2025\/12\/21\/4-niedziela-adwentu-4\/\"><img loading=\"lazy\" decoding=\"async\" width=\"300\" height=\"300\" src=\"https:\/\/parafiadrohiczyn.pl\/wp-content\/uploads\/2021\/03\/34755247_2212006538816992_8989540118746365952_o-300x300.jpg\" class=\"attachment-medium size-medium wp-post-image\" alt=\"\" srcset=\"https:\/\/parafiadrohiczyn.pl\/wp-content\/uploads\/2021\/03\/34755247_2212006538816992_8989540118746365952_o-300x300.jpg 300w, https:\/\/parafiadrohiczyn.pl\/wp-content\/uploads\/2021\/03\/34755247_2212006538816992_8989540118746365952_o-1024x1024.jpg 1024w, https:\/\/parafiadrohiczyn.pl\/wp-content\/uploads\/2021\/03\/34755247_2212006538816992_8989540118746365952_o-150x150.jpg 150w, https:\/\/parafiadrohiczyn.pl\/wp-content\/uploads\/2021\/03\/34755247_2212006538816992_8989540118746365952_o-768x768.jpg 768w, https:\/\/parafiadrohiczyn.pl\/wp-content\/uploads\/2021\/03\/34755247_2212006538816992_8989540118746365952_o-1536x1536.jpg 1536w, https:\/\/parafiadrohiczyn.pl\/wp-content\/uploads\/2021\/03\/34755247_2212006538816992_8989540118746365952_o-624x624.jpg 624w, https:\/\/parafiadrohiczyn.pl\/wp-content\/uploads\/2021\/03\/34755247_2212006538816992_8989540118746365952_o.jpg 1638w\" sizes=\"auto, (max-width: 300px) 100vw, 300px\" \/><\/a> <a class=\"title\" href=\"https:\/\/parafiadrohiczyn.pl\/index.php\/2025\/12\/21\/4-niedziela-adwentu-4\/\">4 Niedziela Adwentu<\/a> <span class=\"date\">21 grudnia, 2025<\/span> <span class=\"excerpt-dash\">-<\/span> <span class=\"excerpt\">W \u015brod\u0119 24 grudnia\u00a0Wigilia\u00a0Bo\u017cego Narodzenia. Nie b\u0119dzie Mszy \u015bw. o godz. 18.00. Przypominamy o religijnym charakterze wieczerzy wigilijnej, o zachowaniu postu. Wigili\u0119 rozpoczynamy wsp\u00f3ln\u0105 modlitw\u0105, nast\u0119pnie czytamy fragment Ewangelii wg. \u015aw. \u0141ukasza o Narodzeniu Pana Jezusa,\u00a0\u00a0\u015bpiewamy kol\u0119d\u0119: \u201eW\u015br\u00f3d nocnej ciszy\u201d i sk\u0142adamy&hellip; <span class=\"excerpt-more\"><\/span><\/span><\/div><\/div>\n","protected":false},"excerpt":{"rendered":"","protected":false},"author":1,"featured_media":0,"parent":183,"menu_order":0,"comment_status":"closed","ping_status":"closed","template":"","meta":{"footnotes":""},"class_list":["post-382","page","type-page","status-publish","hentry"],"_links":{"self":[{"href":"https:\/\/parafiadrohiczyn.pl\/index.php\/wp-json\/wp\/v2\/pages\/382","targetHints":{"allow":["GET"]}}],"collection":[{"href":"https:\/\/parafiadrohiczyn.pl\/index.php\/wp-json\/wp\/v2\/pages"}],"about":[{"href":"https:\/\/parafiadrohiczyn.pl\/index.php\/wp-json\/wp\/v2\/types\/page"}],"author":[{"embeddable":true,"href":"https:\/\/parafiadrohiczyn.pl\/index.php\/wp-json\/wp\/v2\/users\/1"}],"replies":[{"embeddable":true,"href":"https:\/\/parafiadrohiczyn.pl\/index.php\/wp-json\/wp\/v2\/comments?post=382"}],"version-history":[{"count":5,"href":"https:\/\/parafiadrohiczyn.pl\/index.php\/wp-json\/wp\/v2\/pages\/382\/revisions"}],"predecessor-version":[{"id":1058,"href":"https:\/\/parafiadrohiczyn.pl\/index.php\/wp-json\/wp\/v2\/pages\/382\/revisions\/1058"}],"up":[{"embeddable":true,"href":"https:\/\/parafiadrohiczyn.pl\/index.php\/wp-json\/wp\/v2\/pages\/183"}],"wp:attachment":[{"href":"https:\/\/parafiadrohiczyn.pl\/index.php\/wp-json\/wp\/v2\/media?parent=382"}],"curies":[{"name":"wp","href":"https:\/\/api.w.org\/{rel}","templated":true}]}}