{"id":318,"date":"2021-03-18T15:27:32","date_gmt":"2021-03-18T14:27:32","guid":{"rendered":"http:\/\/51.83.132.88\/?page_id=318"},"modified":"2021-03-20T18:45:46","modified_gmt":"2021-03-20T17:45:46","slug":"wspolnoty-parafialne","status":"publish","type":"page","link":"https:\/\/parafiadrohiczyn.pl\/index.php\/o-parafii\/wspolnoty-parafialne\/","title":{"rendered":"Wsp\u00f3lnoty parafialne"},"content":{"rendered":"\n<ul class=\"wp-block-list\"><li>Akcja Katolicka<\/li><li>Apostolat Maryjny<\/li><li>Apostolat Modlitwy za Kap\u0142an\u00f3w \u201eMargaretka\u201d<\/li><li>Ch\u00f3r parafialny<\/li><li>Ko\u0142o Przyjaci\u00f3\u0142 \u201eRadia Maryja\u201d<\/li><li>Parafialny Zesp\u00f3\u0142 Caritas<\/li><li>Rycerze Drohiczy\u0144scy<\/li><li>S\u0142u\u017cba Liturgiczna &#8211; ministranci i lektorzy<\/li><li>Stowarzyszenie \u017bywego R\u00f3\u017ca\u0144ca<\/li><li>Tercjarze Franciszka\u0144scy<\/li><\/ul>\n","protected":false},"excerpt":{"rendered":"<p>Akcja Katolicka Apostolat Maryjny Apostolat Modlitwy za Kap\u0142an\u00f3w \u201eMargaretka\u201d Ch\u00f3r parafialny Ko\u0142o Przyjaci\u00f3\u0142 \u201eRadia Maryja\u201d Parafialny Zesp\u00f3\u0142 Caritas Rycerze Drohiczy\u0144scy S\u0142u\u017cba Liturgiczna &#8211; ministranci i lektorzy Stowarzyszenie \u017bywego R\u00f3\u017ca\u0144ca Tercjarze Franciszka\u0144scy<\/p>\n","protected":false},"author":1,"featured_media":0,"parent":2,"menu_order":0,"comment_status":"closed","ping_status":"closed","template":"","meta":{"footnotes":""},"class_list":["post-318","page","type-page","status-publish","hentry"],"_links":{"self":[{"href":"https:\/\/parafiadrohiczyn.pl\/index.php\/wp-json\/wp\/v2\/pages\/318","targetHints":{"allow":["GET"]}}],"collection":[{"href":"https:\/\/parafiadrohiczyn.pl\/index.php\/wp-json\/wp\/v2\/pages"}],"about":[{"href":"https:\/\/parafiadrohiczyn.pl\/index.php\/wp-json\/wp\/v2\/types\/page"}],"author":[{"embeddable":true,"href":"https:\/\/parafiadrohiczyn.pl\/index.php\/wp-json\/wp\/v2\/users\/1"}],"replies":[{"embeddable":true,"href":"https:\/\/parafiadrohiczyn.pl\/index.php\/wp-json\/wp\/v2\/comments?post=318"}],"version-history":[{"count":4,"href":"https:\/\/parafiadrohiczyn.pl\/index.php\/wp-json\/wp\/v2\/pages\/318\/revisions"}],"predecessor-version":[{"id":512,"href":"https:\/\/parafiadrohiczyn.pl\/index.php\/wp-json\/wp\/v2\/pages\/318\/revisions\/512"}],"up":[{"embeddable":true,"href":"https:\/\/parafiadrohiczyn.pl\/index.php\/wp-json\/wp\/v2\/pages\/2"}],"wp:attachment":[{"href":"https:\/\/parafiadrohiczyn.pl\/index.php\/wp-json\/wp\/v2\/media?parent=318"}],"curies":[{"name":"wp","href":"https:\/\/api.w.org\/{rel}","templated":true}]}}

Wspólnoty parafialne

<ul class="wp-block-list"><li>Akcja Katolicka</li><li>Apostolat Maryjny</li><li>Apostolat Modlitwy za Kapłanów „Margaretka”</li><li>Chór parafialny</li><li>Koło Przyjaciół „Radia Maryja”</li><li>Parafialny Zespół Caritas</li><li>Rycerze Drohiczyńscy</li><li>Służba Liturgiczna &#8211; ministranci i lektorzy</li><li>Stowarzyszenie Żywego Różańca</li><li>Tercjarze Franciszkańscy</li></ul>

<p>Akcja Katolicka Apostolat Maryjny Apostolat Modlitwy za Kapłanów „Margaretka” Chór parafialny Koło Przyjaciół „Radia Maryja” Parafialny Zespół Caritas Rycerze Drohiczyńscy Służba Liturgiczna &#8211; ministranci i lektorzy Stowarzyszenie Żywego Różańca Tercjarze Franciszkańscy</p>
