{"id":306,"date":"2021-03-18T14:44:01","date_gmt":"2021-03-18T13:44:01","guid":{"rendered":"http:\/\/51.83.132.88\/?page_id=306"},"modified":"2021-03-24T09:28:35","modified_gmt":"2021-03-24T08:28:35","slug":"msze-swiete","status":"publish","type":"page","link":"https:\/\/parafiadrohiczyn.pl\/index.php\/msze-swiete\/","title":{"rendered":"Msze \u015awi\u0119te"},"content":{"rendered":"\n<p><strong>Niedziele i \u015bwi\u0119ta:<\/strong><br>katedra: 10:00, 12:00, 18:00 (wrzesie\u0144-czerwiec), 19:00 (lipiec-sierpie\u0144),<br>ko\u015bci\u00f3\u0142 Panien Benedyktynek: 8:00,&nbsp;<br>ko\u015bci\u00f3\u0142 pofranciszka\u0144ski: 8:30,&nbsp;<br>kaplica w Bujakach: 11:00,&nbsp;<br>kaplica w Chutkowicach: 8:00,&nbsp;<br>kaplica w Minczewie: 9:00<br><br><strong>Dni powszednie:<\/strong><br>katedra: 18:00 (z wyj\u0105tkiem wtorku), <br>ko\u015bci\u00f3\u0142 pofranciszka\u0144ski 7:00 i we wtorki 18:00<\/p>\n\n\n\n<hr class=\"wp-block-separator\"\/>\n\n\n\n<h3 class=\"has-blue-color has-text-color wp-block-heading\">Inne nabo\u017ce\u0144stwa<\/h3>\n\n\n\n<p><strong>Msze \u015bw. w&nbsp;\u015bwi\u0119ta nieb\u0119d\u0105ce dniami wolnymi od pracy:<\/strong><br>katedra: 10:00, 18:00<br>ko\u015bci\u00f3\u0142 pofranciszka\u0144ski: 7:00<br>kaplice: 12:00 lub 14:00<\/p>\n\n\n\n<p><strong>Msza \u015bw. w nadzwyczajnym rycie rzymskim (trydencka):<\/strong><br>ko\u015bci\u00f3\u0142 pofranciszka\u0144ski \u2013 pierwsza niedziela miesi\u0105ca godz. 15:00 [<a href=\"\/index.php\/2020\/03\/17\/msza-trydencka\/\">czytaj wi\u0119cej&#8230;<\/a>]<\/p>\n\n\n\n<p><strong>Odpusty:<\/strong><br>Niedziela Tr\u00f3jcy Przenaj\u015bwi\u0119tszej \u2013 Katedra<br>13 czerwca&nbsp;\u2013 \u015bw. Antoniego \u2013 ko\u015bci\u00f3\u0142 pofranciszka\u0144ski<br>15 sierpnia \u2013 Wniebowzi\u0119cie Naj\u015bwi\u0119tszej Maryi Panny \u2013 ko\u015bci\u00f3\u0142 pofranciszka\u0144ski<br>11 lipca&nbsp;\u2013 \u015bw. Benedykta&nbsp;\u2013 ko\u015bci\u00f3\u0142 Panien Benedyktynek<br>1 listopada \u2013 Wszystkich \u015awi\u0119tych \u2013 ko\u015bci\u00f3\u0142 Panien Benedyktynek<\/p>\n\n\n\n<p><strong>Nabo\u017ce\u0144stwo adoracyjne:<\/strong><br>pi\u0105tek-Niedziela Tr\u00f3jcy Przenaj\u015bwi\u0119tszej<\/p>\n\n\n\n<p><strong>Rocznica po\u015bwi\u0119cenia ko\u015bcio\u0142a katedralnego:<br><\/strong>10 stycznia<\/p>\n","protected":false},"excerpt":{"rendered":"<p>Niedziele i \u015bwi\u0119ta:katedra: 10:00, 12:00, 18:00 (wrzesie\u0144-czerwiec), 19:00 (lipiec-sierpie\u0144),ko\u015bci\u00f3\u0142 Panien Benedyktynek: 8:00,&nbsp;ko\u015bci\u00f3\u0142 pofranciszka\u0144ski: 8:30,&nbsp;kaplica w Bujakach: 11:00,&nbsp;kaplica w Chutkowicach: 8:00,&nbsp;kaplica w Minczewie: 9:00 Dni powszednie:katedra: 18:00 (z wyj\u0105tkiem wtorku), ko\u015bci\u00f3\u0142 pofranciszka\u0144ski 7:00 i we wtorki 18:00 Inne nabo\u017ce\u0144stwa Msze \u015bw. w&nbsp;\u015bwi\u0119ta nieb\u0119d\u0105ce dniami wolnymi od pracy:katedra: 10:00, 18:00ko\u015bci\u00f3\u0142 pofranciszka\u0144ski: 7:00kaplice: 12:00 lub 14:00 Msza \u015bw. [&hellip;]<\/p>\n","protected":false},"author":1,"featured_media":0,"parent":0,"menu_order":0,"comment_status":"closed","ping_status":"closed","template":"","meta":{"footnotes":""},"class_list":["post-306","page","type-page","status-publish","hentry"],"_links":{"self":[{"href":"https:\/\/parafiadrohiczyn.pl\/index.php\/wp-json\/wp\/v2\/pages\/306","targetHints":{"allow":["GET"]}}],"collection":[{"href":"https:\/\/parafiadrohiczyn.pl\/index.php\/wp-json\/wp\/v2\/pages"}],"about":[{"href":"https:\/\/parafiadrohiczyn.pl\/index.php\/wp-json\/wp\/v2\/types\/page"}],"author":[{"embeddable":true,"href":"https:\/\/parafiadrohiczyn.pl\/index.php\/wp-json\/wp\/v2\/users\/1"}],"replies":[{"embeddable":true,"href":"https:\/\/parafiadrohiczyn.pl\/index.php\/wp-json\/wp\/v2\/comments?post=306"}],"version-history":[{"count":6,"href":"https:\/\/parafiadrohiczyn.pl\/index.php\/wp-json\/wp\/v2\/pages\/306\/revisions"}],"predecessor-version":[{"id":609,"href":"https:\/\/parafiadrohiczyn.pl\/index.php\/wp-json\/wp\/v2\/pages\/306\/revisions\/609"}],"wp:attachment":[{"href":"https:\/\/parafiadrohiczyn.pl\/index.php\/wp-json\/wp\/v2\/media?parent=306"}],"curies":[{"name":"wp","href":"https:\/\/api.w.org\/{rel}","templated":true}]}}

Msze Święte

<p><strong>Niedziele i święta:</strong><br>katedra: 10:00, 12:00, 18:00 (wrzesień-czerwiec), 19:00 (lipiec-sierpień),<br>kościół Panien Benedyktynek: 8:00,&nbsp;<br>kościół pofranciszkański: 8:30,&nbsp;<br>kaplica w Bujakach: 11:00,&nbsp;<br>kaplica w Chutkowicach: 8:00,&nbsp;<br>kaplica w Minczewie: 9:00<br><br><strong>Dni powszednie:</strong><br>katedra: 18:00 (z wyjątkiem wtorku), <br>kościół pofranciszkański 7:00 i we wtorki 18:00</p>



<hr class="wp-block-separator"/>



<h3 class="has-blue-color has-text-color wp-block-heading">Inne nabożeństwa</h3>



<p><strong>Msze św. w&nbsp;święta niebędące dniami wolnymi od pracy:</strong><br>katedra: 10:00, 18:00<br>kościół pofranciszkański: 7:00<br>kaplice: 12:00 lub 14:00</p>



<p><strong>Msza św. w nadzwyczajnym rycie rzymskim (trydencka):</strong><br>kościół pofranciszkański – pierwsza niedziela miesiąca godz. 15:00 [<a href="/index.php/2020/03/17/msza-trydencka/">czytaj więcej&#8230;</a>]</p>



<p><strong>Odpusty:</strong><br>Niedziela Trójcy Przenajświętszej – Katedra<br>13 czerwca&nbsp;– św. Antoniego – kościół pofranciszkański<br>15 sierpnia – Wniebowzięcie Najświętszej Maryi Panny – kościół pofranciszkański<br>11 lipca&nbsp;– św. Benedykta&nbsp;– kościół Panien Benedyktynek<br>1 listopada – Wszystkich Świętych – kościół Panien Benedyktynek</p>



<p><strong>Nabożeństwo adoracyjne:</strong><br>piątek-Niedziela Trójcy Przenajświętszej</p>



<p><strong>Rocznica poświęcenia kościoła katedralnego:<br></strong>10 stycznia</p>

<p>Niedziele i święta:katedra: 10:00, 12:00, 18:00 (wrzesień-czerwiec), 19:00 (lipiec-sierpień),kościół Panien Benedyktynek: 8:00,&nbsp;kościół pofranciszkański: 8:30,&nbsp;kaplica w Bujakach: 11:00,&nbsp;kaplica w Chutkowicach: 8:00,&nbsp;kaplica w Minczewie: 9:00 Dni powszednie:katedra: 18:00 (z wyjątkiem wtorku), kościół pofranciszkański 7:00 i we wtorki 18:00 Inne nabożeństwa Msze św. w&nbsp;święta niebędące dniami wolnymi od pracy:katedra: 10:00, 18:00kościół pofranciszkański: 7:00kaplice: 12:00 lub 14:00 Msza św. [&hellip;]</p>
