{"id":2,"date":"2021-01-18T21:50:55","date_gmt":"2021-01-18T21:50:55","guid":{"rendered":"http:\/\/51.83.132.88\/?page_id=2"},"modified":"2023-12-04T11:26:10","modified_gmt":"2023-12-04T10:26:10","slug":"o-parafii","status":"publish","type":"page","link":"https:\/\/parafiadrohiczyn.pl\/index.php\/o-parafii\/","title":{"rendered":"O Parafii &#8230;"},"content":{"rendered":"\n<p><strong>Dane o parafii:<\/strong><br>Za\u0142o\u017cona: 1386 r.<br>Mieszka\u0144c\u00f3w: 3712<br>Katolik\u00f3w: 2356<\/p>\n\n\n\n<p><strong>Punkty duszpasterskie:<\/strong><br>\u2013 katedra Tr\u00f3jcy Przenaj\u015bwi\u0119tszej<br>\u2013 ko\u015bci\u00f3\u0142 filialny (pofranciszka\u0144ski) pw. Wniebowzi\u0119cia NMP<br>\u2013 ko\u015bci\u00f3\u0142 Panien Benedyktynek pw. Wszystkich \u015awi\u0119tych<br>\u2013 kaplica w Bujakach pw. Matki Bo\u017cej Cz\u0119stochowskiej<br>\u2013 kaplica w Chutkowicach pw. Matki Bo\u017cej Fatimskiej<br>\u2013 kaplica w Minczewie pw. Mi\u0142osierdzia Bo\u017cego<\/p>\n\n\n\n<hr class=\"wp-block-separator has-css-opacity\"\/>\n\n\n\n<h4 class=\"wp-block-heading has-blue-color has-text-color\">Ksi\u0119\u017ca w parafii:<\/h4>\n\n\n\n<p class=\"has-small-font-size\">PROBOSZCZ<br>KSI\u0104DZ KANONIK MGR <strong>WIES\u0141AW NIEMYJSKI<\/strong> (1996)<br><em>Dziekan drohiczy\u0144ski<\/em><\/p>\n\n\n\n<p class=\"has-small-font-size\">WIKARIUSZ<br>KSI\u0104DZ DR <strong>\u0141UKASZ SUSZKO<\/strong> (2010)<\/p>\n\n\n\n<p class=\"has-small-font-size\">WSP\u00d3\u0141PRACOWNIK<br>KSI\u0104DZ DR <strong>RAFA\u0141 POKRYWI\u0143SKI <\/strong>(2006)<\/p>\n\n\n\n<hr class=\"wp-block-separator has-css-opacity\"\/>\n\n\n\n<p><strong>Do parafii nale\u017c\u0105:<br><\/strong>Bujaki, Chro\u0142owice, Chutkowice, Drohiczyn, Klekotowo, K\u0142yz\u00f3wka, Koczery, Lisowo \u2013 Jan\u00f3wek, Minczewo, Ogrodniki, Runice, Sady, Siniewice, Sytki, Tonkiele, W\u00f3lka Zamkowa, Zaj\u0119czniki.<\/p>\n","protected":false},"excerpt":{"rendered":"<p>Dane o parafii:Za\u0142o\u017cona: 1386 r.Mieszka\u0144c\u00f3w: 3712Katolik\u00f3w: 2356 Punkty duszpasterskie:\u2013 katedra Tr\u00f3jcy Przenaj\u015bwi\u0119tszej\u2013 ko\u015bci\u00f3\u0142 filialny (pofranciszka\u0144ski) pw. Wniebowzi\u0119cia NMP\u2013 ko\u015bci\u00f3\u0142 Panien Benedyktynek pw. Wszystkich \u015awi\u0119tych\u2013 kaplica w Bujakach pw. Matki Bo\u017cej Cz\u0119stochowskiej\u2013 kaplica w Chutkowicach pw. Matki Bo\u017cej Fatimskiej\u2013 kaplica w Minczewie pw. Mi\u0142osierdzia Bo\u017cego Ksi\u0119\u017ca w parafii: PROBOSZCZKSI\u0104DZ KANONIK MGR WIES\u0141AW NIEMYJSKI (1996)Dziekan drohiczy\u0144ski WIKARIUSZKSI\u0104DZ [&hellip;]<\/p>\n","protected":false},"author":1,"featured_media":0,"parent":0,"menu_order":0,"comment_status":"closed","ping_status":"open","template":"","meta":{"footnotes":""},"class_list":["post-2","page","type-page","status-publish","hentry"],"_links":{"self":[{"href":"https:\/\/parafiadrohiczyn.pl\/index.php\/wp-json\/wp\/v2\/pages\/2","targetHints":{"allow":["GET"]}}],"collection":[{"href":"https:\/\/parafiadrohiczyn.pl\/index.php\/wp-json\/wp\/v2\/pages"}],"about":[{"href":"https:\/\/parafiadrohiczyn.pl\/index.php\/wp-json\/wp\/v2\/types\/page"}],"author":[{"embeddable":true,"href":"https:\/\/parafiadrohiczyn.pl\/index.php\/wp-json\/wp\/v2\/users\/1"}],"replies":[{"embeddable":true,"href":"https:\/\/parafiadrohiczyn.pl\/index.php\/wp-json\/wp\/v2\/comments?post=2"}],"version-history":[{"count":5,"href":"https:\/\/parafiadrohiczyn.pl\/index.php\/wp-json\/wp\/v2\/pages\/2\/revisions"}],"predecessor-version":[{"id":1928,"href":"https:\/\/parafiadrohiczyn.pl\/index.php\/wp-json\/wp\/v2\/pages\/2\/revisions\/1928"}],"wp:attachment":[{"href":"https:\/\/parafiadrohiczyn.pl\/index.php\/wp-json\/wp\/v2\/media?parent=2"}],"curies":[{"name":"wp","href":"https:\/\/api.w.org\/{rel}","templated":true}]}}

<p><strong>Dane o parafii:</strong><br>Założona: 1386 r.<br>Mieszkańców: 3712<br>Katolików: 2356</p>



<p><strong>Punkty duszpasterskie:</strong><br>– katedra Trójcy Przenajświętszej<br>– kościół filialny (pofranciszkański) pw. Wniebowzięcia NMP<br>– kościół Panien Benedyktynek pw. Wszystkich Świętych<br>– kaplica w Bujakach pw. Matki Bożej Częstochowskiej<br>– kaplica w Chutkowicach pw. Matki Bożej Fatimskiej<br>– kaplica w Minczewie pw. Miłosierdzia Bożego</p>



<hr class="wp-block-separator has-css-opacity"/>



<h4 class="wp-block-heading has-blue-color has-text-color">Księża w parafii:</h4>



<p class="has-small-font-size">PROBOSZCZ<br>KSIĄDZ KANONIK MGR <strong>WIESŁAW NIEMYJSKI</strong> (1996)<br><em>Dziekan drohiczyński</em></p>



<p class="has-small-font-size">WIKARIUSZ<br>KSIĄDZ DR <strong>ŁUKASZ SUSZKO</strong> (2010)</p>



<p class="has-small-font-size">WSPÓŁPRACOWNIK<br>KSIĄDZ DR <strong>RAFAŁ POKRYWIŃSKI </strong>(2006)</p>



<hr class="wp-block-separator has-css-opacity"/>



<p><strong>Do parafii należą:<br></strong>Bujaki, Chrołowice, Chutkowice, Drohiczyn, Klekotowo, Kłyzówka, Koczery, Lisowo – Janówek, Minczewo, Ogrodniki, Runice, Sady, Siniewice, Sytki, Tonkiele, Wólka Zamkowa, Zajęczniki.</p>

<p>Dane o parafii:Założona: 1386 r.Mieszkańców: 3712Katolików: 2356 Punkty duszpasterskie:– katedra Trójcy Przenajświętszej– kościół filialny (pofranciszkański) pw. Wniebowzięcia NMP– kościół Panien Benedyktynek pw. Wszystkich Świętych– kaplica w Bujakach pw. Matki Bożej Częstochowskiej– kaplica w Chutkowicach pw. Matki Bożej Fatimskiej– kaplica w Minczewie pw. Miłosierdzia Bożego Księża w parafii: PROBOSZCZKSIĄDZ KANONIK MGR WIESŁAW NIEMYJSKI (1996)Dziekan drohiczyński WIKARIUSZKSIĄDZ [&hellip;]</p>
